{"id":337,"date":"2021-06-23T19:37:39","date_gmt":"2021-06-23T17:37:39","guid":{"rendered":"https:\/\/www.europedespains.com\/?page_id=337"},"modified":"2023-11-21T14:25:30","modified_gmt":"2023-11-21T13:25:30","slug":"savoir-faire","status":"publish","type":"page","link":"https:\/\/www.europedespains.com\/en\/savoir-faire\/","title":{"rendered":"Know-how"},"content":{"rendered":"<nav  aria-label=\"breadcrumb\"><ol class=\"breadcrumb\" itemscope itemtype=\"https:\/\/schema.org\/BreadcrumbList\"><li class=\"breadcrumb-item active\" aria-current=\"page\" itemprop=\"itemListElement\" itemscope itemtype=\"https:\/\/schema.org\/ListItem\"><span itemprop=\"name\">Home<\/span><meta itemprop=\"position\" content=\"1\"><\/li><\/ol><\/nav>\n\t\t\t<h1>A taste for tradition, a sense of innovation<\/h1>\t\t\t\n\t\t\t\t<p>We combine our know-how with a constant search for innovation, in order to constantly adapt to the needs of our customers.\u00a0<\/p>\n<h2>\n\t\tRespect for origins of ingredients\n\t<\/h2>\n\t<p>The flours characterising* (primary ingredient) our breads are 100% French. The authenticity of our terroirs gives our breads a typical taste and aroma that make them a real signature.<\/p>\n<h2>\n\t\tTraceable ethics\n\t<\/h2>\n<h2>\n\t\tAuthenticity, taste and typicality\n\t<\/h2>\n\t<p>Nous produisons notre propre levain*, que nous &eacute;levons dans une atmosph&egrave;re ma&icirc;tris&eacute;e en temp&eacute;rature et en hygrom&eacute;trie.<\/p>\n<p>Cela conf&egrave;re &agrave; nos produits un ar&ocirc;me puissant et sp&eacute;cifique et permet de mieux d&eacute;velopper les ar&ocirc;mes floraux et aromatiques des bl&eacute;s.<\/p>\n\t<p>*sauf la baguette bastide c\u00e9r\u00e9ale<\/p>\n\t\t\t\t<img loading=\"lazy\" decoding=\"async\" src=\"https:\/\/www.europedespains.com\/wp-content\/uploads\/2021\/06\/usine.jpg\" alt=\"factory\" itemprop=\"image\" height=\"652\" width=\"841\" title=\"factory\" onerror=\"this.style.display='none'\"  \/>\n<h2>\n\t\tAuthentic know-how\n\t<\/h2>\n\t<p>We take the time to knead in long cycles, with significant rest periods to allow for mass fermentation in the traditional way.<\/p>\n<p>This results in tasty products with a high aromatic quality and regular production.<\/p>\n<p>La cuisson, r\u00e9alis\u00e9e dans des fours \u00e0 soles, permet de respecter une cro\u00fbte croustillante et une mie tendre et a\u00e9r\u00e9e.<\/p>\n<h2>\n\t\tCreativity &amp; Innovation\n\t<\/h2>\n\t<p>Selection of raw materials, development of recipes, choice of formats, quality control... At each stage we bring the necessary attention and passion to adapt our know-how to current trends.<\/p>\n\t\t\t\t<img loading=\"lazy\" decoding=\"async\" src=\"https:\/\/www.europedespains.com\/wp-content\/uploads\/2021\/09\/performance.jpg\" alt=\"performance\" itemprop=\"image\" height=\"652\" width=\"841\" title=\"performance\" onerror=\"this.style.display='none'\"  \/>\n<h2>\n\t\tIndustrial and logistics performance\n\t<\/h2>\n\t<p>Our industrial performance allows us to provide flawless logistics to deliver our customers throughout France and Europe.<\/p>\n\t\t\t<h2>Your made-to-measure bread?<\/h2>\t\t\t\n\t\t\t\t<p>Do you need a particular product?<br \/>To design a range for\na company, a brand, a distribution network?<\/p>\n\t\t\t\t<a href=\"https:\/\/www.europedespains.com\/en\/contact\/\" target=\"_self\" itemprop=\"url\" rel=\"noopener\">\n\t\t\t\t<img loading=\"lazy\" decoding=\"async\" src=\"https:\/\/www.europedespains.com\/wp-content\/uploads\/2021\/06\/Composant-35---1.jpg\" alt=\"Component-35---1\" itemprop=\"image\" height=\"251\" width=\"811\" title=\"Component-35---1\" onerror=\"this.style.display='none'\"  \/>\n\t\t\t\t<\/a>","protected":false},"excerpt":{"rendered":"<p>A taste for tradition, a sense of innovation We reconcile our know-how with a constant search for innovation, in order to constantly adapt to our customers' needs.  Respect for the origins The flours that characterise* (primary ingredient) our breads are 100% French. The authenticity of our terroirs gives our breads a typical taste and aroma that is unique to the region.<\/p>\n<p class=\"read-more\"> <a class=\"\" href=\"https:\/\/www.europedespains.com\/en\/savoir-faire\/\"> <span class=\"screen-reader-text\">Know-how<\/span> Read More \"<\/a><\/p>","protected":false},"author":5,"featured_media":0,"parent":0,"menu_order":0,"comment_status":"closed","ping_status":"closed","template":"","meta":{"_seopress_robots_primary_cat":"","_seopress_titles_title":"Savoir-faire - Fournisseur de pain industriel Europe des pains","_seopress_titles_desc":"Le fournisseur de pain industriel Europe des pains vous partage son savoir-faire ; un parfait \u00e9quilibre entre tradition et innovation.","_seopress_robots_index":"","inline_featured_image":false,"site-sidebar-layout":"no-sidebar","site-content-layout":"page-builder","ast-global-header-display":"","ast-main-header-display":"","ast-hfb-above-header-display":"","ast-hfb-below-header-display":"","ast-hfb-mobile-header-display":"","site-post-title":"disabled","ast-breadcrumbs-content":"","ast-featured-img":"disabled","footer-sml-layout":"","theme-transparent-header-meta":"default","adv-header-id-meta":"","stick-header-meta":"default","header-above-stick-meta":"","header-main-stick-meta":"","header-below-stick-meta":"","footnotes":""},"class_list":["post-337","page","type-page","status-publish","hentry"],"_links":{"self":[{"href":"https:\/\/www.europedespains.com\/en\/wp-json\/wp\/v2\/pages\/337"}],"collection":[{"href":"https:\/\/www.europedespains.com\/en\/wp-json\/wp\/v2\/pages"}],"about":[{"href":"https:\/\/www.europedespains.com\/en\/wp-json\/wp\/v2\/types\/page"}],"author":[{"embeddable":true,"href":"https:\/\/www.europedespains.com\/en\/wp-json\/wp\/v2\/users\/5"}],"replies":[{"embeddable":true,"href":"https:\/\/www.europedespains.com\/en\/wp-json\/wp\/v2\/comments?post=337"}],"version-history":[{"count":9,"href":"https:\/\/www.europedespains.com\/en\/wp-json\/wp\/v2\/pages\/337\/revisions"}],"predecessor-version":[{"id":936,"href":"https:\/\/www.europedespains.com\/en\/wp-json\/wp\/v2\/pages\/337\/revisions\/936"}],"wp:attachment":[{"href":"https:\/\/www.europedespains.com\/en\/wp-json\/wp\/v2\/media?parent=337"}],"curies":[{"name":"wp","href":"https:\/\/api.w.org\/{rel}","templated":true}]}}

<nav  aria-label="breadcrumb"><ol class="breadcrumb" itemscope itemtype="https://schema.org/BreadcrumbList"><li class="breadcrumb-item active" aria-current="page" itemprop="itemListElement" itemscope itemtype="https://schema.org/ListItem"><span itemprop="name">Home</span><meta itemprop="position" content="1"></li></ol></nav>
			<h1>A taste for tradition, a sense of innovation</h1>			
				<p>We combine our know-how with a constant search for innovation, in order to constantly adapt to the needs of our customers. </p>
<h2>
		Respect for origins of ingredients
	</h2>
	<p>The flours characterising* (primary ingredient) our breads are 100% French. The authenticity of our terroirs gives our breads a typical taste and aroma that make them a real signature.</p>
<h2>
		Traceable ethics
	</h2>
<h2>
		Authenticity, taste and typicality
	</h2>
	<p>Nous produisons notre propre levain*, que nous &eacute;levons dans une atmosph&egrave;re ma&icirc;tris&eacute;e en temp&eacute;rature et en hygrom&eacute;trie.</p>
<p>Cela conf&egrave;re &agrave; nos produits un ar&ocirc;me puissant et sp&eacute;cifique et permet de mieux d&eacute;velopper les ar&ocirc;mes floraux et aromatiques des bl&eacute;s.</p>
	<p>*sauf la baguette bastide céréale</p>
				<img loading="lazy" decoding="async" src="https://www.europedespains.com/wp-content/uploads/2021/06/usine.jpg" alt="factory" itemprop="image" height="652" width="841" title="factory" onerror="this.style.display='none'"  />
<h2>
		Authentic know-how
	</h2>
	<p>We take the time to knead in long cycles, with significant rest periods to allow for mass fermentation in the traditional way.</p>
<p>This results in tasty products with a high aromatic quality and regular production.</p>
<p>La cuisson, réalisée dans des fours à soles, permet de respecter une croûte croustillante et une mie tendre et aérée.</p>
<h2>
		Creativity &amp; Innovation
	</h2>
	<p>Selection of raw materials, development of recipes, choice of formats, quality control... At each stage we bring the necessary attention and passion to adapt our know-how to current trends.</p>
				<img loading="lazy" decoding="async" src="https://www.europedespains.com/wp-content/uploads/2021/09/performance.jpg" alt="performance" itemprop="image" height="652" width="841" title="performance" onerror="this.style.display='none'"  />
<h2>
		Industrial and logistics performance
	</h2>
	<p>Our industrial performance allows us to provide flawless logistics to deliver our customers throughout France and Europe.</p>
			<h2>Your made-to-measure bread?</h2>			
				<p>Do you need a particular product?<br />To design a range for
a company, a brand, a distribution network?</p>
				<a href="https://www.europedespains.com/en/contact/" target="_self" itemprop="url" rel="noopener">
				<img loading="lazy" decoding="async" src="https://www.europedespains.com/wp-content/uploads/2021/06/Composant-35---1.jpg" alt="Component-35---1" itemprop="image" height="251" width="811" title="Component-35---1" onerror="this.style.display='none'"  />
				</a>

Le fournisseur de pain industriel Europe des pains vous partage son savoir-faire ; un parfait équilibre entre tradition et innovation.
